
What is (12 - (14 - (7 - -7 - -14))) + 8?
34
Calculate -64 + 108 + 27 + -28.
43
Calculate 159 - 42 - (-34 + 256).
-105
121 - (-9 + (2 - (4 + -7)) - (120 + -128))
117
What is (4 - (-56 - -75) - (9 + -2)) + 139?
117
Calculate 0 - (12 + 27) - -19.
-20
22 - -81 - ((4 - (-13 - -2)) + 6)
82
Calculate -130 + (-15 - ((2 - -25) + -50)).
-122
What is -3 - (0 + 3) - (-47 - -36) - 25?
-20
-7 + -1 - -1 - (54 - 27 - (16 + -55))
-73
Evaluate 53 + -92 - -35 - -35.
31
Evaluate (-573 - -578 - (0 - 3)) + -17 - 102.
-111
What is 19 + -75 - -31 - (-118 + 2)?
91
Evaluate -13 + 6 + 29 + 22 + (-7 - 2).
35
Calculate -8 - (-7 + 7 - 2 - ((-8 - -25) + -4)).
7
What is (129 - 121) + (-1 - (0 - -31))?
-24
What is the value of 5 - (0 - 31 - (15 - 2) - -5)?
44
What is -54 + 38 - -9 - (-17 + -4)?
14
Evaluate (15 - 0) + (28 - (-38 + 100)).
-19
What is 33 - (9 + 1 + (-15 - -11) + -5)?
32
Evaluate 102 + -156 + 141 - 145.
-58
-38 + (40 - -2) + -40
-36
3 - (-7 + -7 + 2 - 11)
26
What is the value of 72 - (-147 + 176) - (37 + 0)?
6
Evaluate -30 - (38 - (45 - -16)) - (-2 - (-65 + -1)).
-71
Evaluate 11 + ((-6 - -20) + 40 - (-12 - 5)).
82
Calculate 118 + -1 + 266 + -307.
76
Calculate 0 + -10 + -30 + (127 - 156).
-69
What is the value of 43 + -51 + (-1 - (-31 - -4))?
18
What is -2 + (11 - -2) + (4 - 47)?
-32
Evaluate 1 + -43 - (641 + -654) - -44.
15
What is (209 - 169) + -15 + 7 - 79?
-47
(23 - 3) + (-496 - -517)
41
What is 463 - 527 - (6 - 74)?
4
What is the value of 2 - (-224 + 224 - (3 + 2))?
7
What is -10 + (-13 + -1 - -22 - -43)?
41
Calculate (23 + -8 - (49 - 22)) + (23 - 2).
9
What is -3 + 2 + 14 + -59 + (0 - 2)?
-48
What is the value of 6 + 11 + (-60 - -62)?
19
Evaluate -84 + (56 - -7) + -78.
-99
What is the value of 14 - 3 - (65 - (-25 - 17))?
-96
What is 860 + -758 + -32 + -1 + (-1 - -1) + 10?
79
(5 - 62) + (-15 - -22) + -29 + 5 + 8
-66
What is the value of -5 + (33 - 4) + -2 + (20 - 18 - -3)?
27
Calculate (23 + -20 - 27 - -35) + (-92 - 2).
-83
(26 - (98 + 22)) + 21
-73
-390 + -143 + 455 - (-2 + 0 + 1 + 8)
-85
(5 - 24) + (12 - (31 - 13))
-25
Evaluate 43 - ((-5 + 25 + -4 - 15) + (3 - -1)).
38
2 - 5 - (32 + (-3 - 16) + -3)
-13
What is the value of 15 + (316 + -370 - (-15 - 2))?
-22
Evaluate 25 + 219 + -206 + (0 - 48).
-10
What is the value of 69 + -134 + 91 + 14?
40
Calculate -5 - (-24 - (10 - 45)).
-16
Evaluate 26 + (-112 - -248 - 70).
92
Calculate 4 + -6 - (37 + -23 + -23 - -19).
-12
Calculate -16 + (-21 + 24 - -5 - 31).
-39
Evaluate 77 + -3 + (123 - 186).
11
Evaluate 13 - (4 + (-8 - (-130 + 1 - (23 - 10)))).
-125
What is the value of -9 + (10 - -91) + (13 - 29) + 16 + -3?
89
Evaluate -7 + 12 - -17 - -53 - 1.
74
-1 + 2 + (-7 - (7 - -2)) + -4
-19
-16 + 3 - (-1 - ((18 - 3) + -8))
-5
Evaluate (-2 + 7 - (8 - 9 - -6)) + -13 + 4.
-9
What is -16 - (-97 + (15 - (11 + 1)) + -21)?
99
(1 - (-2 - 56)) + (145 + -226 - -95)
73
What is -31 + (-124 - (-176 + -15))?
36
What is 67 - -4 - (-732 + 841)?
-38
What is the value of -504 + 552 - (18 - (-1 - 2))?
27
What is (-598 - -629) + (-18 - 1) + 48?
60
What is (-1 - 9) + (-13 - (-8 - (7 + 2)))?
-6
What is 1665 + -1771 - (1 + -209)?
102
Calculate (17 - (31 - 20) - 11) + 9 + (-25 - 6).
-27
Calculate -126 + 109 + (-1 + 38 - 4).
16
Evaluate (-1 - -1) + -6 - (6314 + -6309).
-11
What is the value of (5 - -116) + (-27 - 31)?
63
Calculate -28 + (102 - 62 - -100).
112
Calculate -54 + -8 + (-18 - (-11 + 9 + -27)).
-51
-7 + (-47 - -51) + -23
-26
Calculate (-13 - ((6 - -1) + -6)) + (65 - -2).
53
-49 - 13 - (-57 - -51)
-56
What is the value of 75 + -28 + -46 - 70?
-69
What is -4 - -1 - (-687 - -746)?
-62
5 + -10 + 11 + -43 - (-2 - 11)
-24
Evaluate 24 + (-31 + 7 - -25) - (-3 + 2).
26
Evaluate 31 - (18 - -7) - (2 - 105).
109
Calculate -74 - ((-49 - -63) + -36).
-52
(-3 - 8) + (-5 + -2 - (-34 + 50 + -13))
-21
Evaluate (6 - 12 - -14) + -14 + 3.
-3
What is (-229 + 244 - (20 + -4)) + -2 + -49?
-52
What is 458 + -582 + (61 - 5)?
-68
(-47 - 51) + 114 + -63
-47
What is (-9 - ((8 - 4) + -6)) + (26 - (-14 + 40))?
-7
What is (42 - (-25 + 77)) + (0 - 14)?
-24
15 + 81 - 54 - -30
72
Calculate -8 + 10 + -3 + 3 + 2 + (-1333 - -1389).
60
What is -24 - (-3 + (50 - 85))?
14
Calculate (-2 - -7) + (1 - (-10 - (2 - 3)) - 56).
-41
Evaluate -27 + 6 - (-136 - -94 - 95).
116
What is the value of (9 - 5) + 11 + 18 + -34?
-1
What is the value of -64 - -5 - (-166 - -95)?
12
Evaluate -11 - ((-8 - -7) + (3 - (14 + 2))).
3
What is the value of (-18 - (-14 + -11 + 7)) + (6 - 3 - 9)?
-6
(28 + -6 - 92) + 14 - -23
-33
What is the value of (33 + -13 - 24) + 4 - ((6 - 2) + -38)?
34
Evaluate (-49 - 26 - -144) + 4.
73
Evaluate -6 - (-2 + 4 + -4) - (214 - (-65 - -251)).
-32
What is the value of (199 + -518 - -190) + (-21 - 1)?
-151
What is -25 - (-38 - (2 + 22 + -10))?
27
Calculate -238 - -284 - (4 - (-4 + 9 + 18)).
65
-17 - (-18 - (-18 - -20)) - 5
-2
Calculate -1 + (-14 - -1) + (278 - 64 - 208).
-8
What is the value of 3 + (10 - (2 - 0)) + (3 - (-46 - -91))?
-31
Evaluate (36 + -87 - -84) + -86.
-53
What is the value of -3 - (-19 + 23 + -16 + -27)?
36
Evaluate -69 + -53 + 132 + (-1 - 33).
-24
What is -60 + -79 + 146 + -82?
-75
What is the value of (0 - -3) + -26 + -3 - (-2493 - -2509)?
-42
-20794 + 20824 + 26 + (1 - 1)
56
What is the value of -1 + 6 + 95 + (140 - 238)?
2
What is 4 - (-3 - 1) - (68 + (-19 - -19))?
-60
Calculate 10 + 1 - (0 + 73 - (12 + (-63 - -37))).
-76
Calculate -2 + 8 + (33 - (-18 + (1 - 14) + 20)).
50
Evaluate -1 + -1 + (-107 - -278 - 230).
-61
What is 15 + (53 + -6 - (207 + -191))?
46
-15 - (-73 - -56 - (-4 + 42))
40
3 - (109 + (61 - 120))
-47
80 - (-47 - -78) - 37
12
Evaluate -204 + (5 - -209 - 130).
-120
Evaluate 0 + 6 + (3 - (11 + -3)) - (-144 - -36).
109
What is 100 - (1 + (-25 - -6 - (-17 + 8)))?
109
Evaluate (-4 - -2) + (-1 - 3) - (-210 - -96).
108
What is the value of (7 - -15) + -42 + 33 - (-89 + (8 - 6))?
100
What is -34 + 32 + 45 - 6?
37
189 - 176 - (4 + -1 - -55)
-45
26 + 3 - (-70 - (34 + -204))
-71
-3 - ((3 - (-17 + 60)) + -12)
49
What is (39 + -27 + -113 - -49) + 50?
-2
Evaluate (-1 - (10 + (-20 - -5))) + -7.
-3
What is -141 + (79 - 52) + 82?
-32
Calculate (-1 - -16) + (145 - (-30 - -155)).
35
Evaluate (3 - 2) + -2 + -123 + 62 + 18.
-44
What is 41 + -16 + (35 - 94) - (2 + 1)?
-37
What is the value of 150 + -30 + 23 + -70 + 35?
108
Calculate -521 - (-851 + 324) - (-9 + (0 - (-2 - -1))).
14
(0 - -10) + -4 + -10 + (8 - (0 + 24))
-20
-4 + (-16 - (-11 + -15 + -77 + -6))
89
(-19 - (14 + -5 + -42)) + -3
11
Evaluate (-3 + 4 - (-441 + 473)) + 139.
108
What is (23 - 44) + 43 + 106 + -22?
106
3 + 1 + -21 - ((-77 - -90) + -113)
83
Calculate 12 - ((0 - (-8 + 0)) + 3 + -35).
36
Evaluate (-4 - (22 + 0)) + (-306 - -292).
-40
Evaluate (0 - 15) + (1461 - 1385).
61
Evaluate -26 + (27 + -14 + 3 - (-17 + 25)).
-18
What is the value of (-12 - -93 - 46) + -42?
-7
38 + -350 + 132 + 91
-89
What is the value of -163 - (-17 - 18 - 69)?
-59
Calculate (3 - -8) + -19 + -132 + 131.
-9
What is 4 + -8 + (109 - 8) + 7?
104
What is -353 + 404 - (43 + 0)?
8
Evaluate -161 - -38 - (2 + -23 - (19 - 16)).
-99
What is (15 - 3) + (118 - 128)?
2
What is the value of 49 - (46 - (-48 + 20))?
-25
What is 16 + -57 + (-5 - 5 - 0)?
-51
What is the value of (23 - (-5 - -9)) + (-5 - 1) + 15 + -7?
21
What is the value of (-6 - 0) + (215 - 197) - 46?
-34
-16 - ((1 - (37 + -32)) + 5 + 6)
-23
-66 - (-3 - 0) - (15 + (4 - 17) + -10)
-55
What is the value of 35 + 80 + -102 - (-17 + 0)?
30
What is (6 - (1 - 0)) + (-25 - 15 - -4) + 2?
-29
Calculate -39 + (-14 + (-9 - -46) - 9 - 10).
-35
Calculate 54 + -41 + 6 + -5.
14
What is the value of -11 - (642 + -647 - (-3 + 2 + 1 - -24))?
18
Calculate 3 - (0 - -13 - ((16 - -45) + -33)).
18
Evaluate (6 - (-3 - -6)) + (-12 + -37 - 2 - 3).
-51
Evaluate (89 - -24 - 51) + (-15 - -5) + 3.
55
Calculate (7 + -5 - 7) + -69 + -3 - (56 - 45).
-88
What is the value of 510 - (748 - 242) - (1 - (22 - 0))?
25
What is 5 - (-13 - (-17 + (-8 - -8)))?
1
What is the value of -3 + -41 - (91 + -158) - -19?
42
27 + -49 + 52 + -2
28
What is -13 + (-4 - -18) + 15 + 47?
63
(-22 - -3 - (-10 + 13 + -15)) + -3
-10
Calculate (-40 + 51 - (21 + -3) - (0 + -84)) + -3.
74
What is the value of 93 + 0 + (24 - (0 - 0) - 2 - 28)?
87
What is the value of (1 - 7) + (-1 - 0) - (-26 + 22 + -38)?
35
What is the value of -11